{"id":91,"date":"2023-12-31T20:00:00","date_gmt":"2023-12-31T20:00:00","guid":{"rendered":"http:\/\/feuerwehr-meinsdorf.de\/?page_id=91"},"modified":"2023-02-27T17:32:32","modified_gmt":"2023-02-27T17:32:32","slug":"jugendfeuerwehr-2","status":"publish","type":"page","link":"https:\/\/feuerwehr-meinsdorf.de\/?page_id=91","title":{"rendered":"Jugendfeuerwehr"},"content":{"rendered":"<h5>Was ist die Jugendfeuerwehr und was kannst Du bei uns erleben?<\/h5>\n<p style=\"text-align: left;\">Kaum ein Verein bietet einem Jugendlichem so viele Erfaltungs- und Entwicklungsm\u00f6glichkeiten wie die Jugendfeuerwehr<\/p>\n<p style=\"text-align: center;\">&#8211; von Teamgeist, technischen Verst\u00e4ndnis, bis hin zu Verantwortungsgef\u00fchl und Erster Hilfe.<\/p>\n<p>Wir haben auf dieser Seite Informationen zusammengestellt, damit Sie einen Einblick in die Jugendarbeit unserer Feuerwehr erhalten k\u00f6nnen. Die Jugendfeuerwehrarbeit hat das Ziel, Kinder und Jugendliche f\u00fcr den Einsatz in der Feuerwehr vorzubereiten, sodass sie nach Erf\u00fcllung der rechtlichen Voraussetzungen bei entsprechendem Alter und Qualifikation in der Einsatzabteilung der Freiwilligen Feuerwehr eingesetzt werden k\u00f6nnen. Sie d\u00fcrfen jedoch bis zu einem bestimmten Alter nicht in den Gefahrenbereich von Feuerwehreins\u00e4tzen eingesetzt werden.<\/p>\n<p>&nbsp;<\/p>\n<p><img loading=\"lazy\" decoding=\"async\" class=\"size-medium wp-image-438 aligncenter\" src=\"http:\/\/feuerwehr-meinsdorf.de\/wp-content\/uploads\/2021\/01\/JUGENDFEUERWEHR-4-300x187.jpg\" alt=\"\" width=\"300\" height=\"187\" srcset=\"https:\/\/feuerwehr-meinsdorf.de\/wp-content\/uploads\/2021\/01\/JUGENDFEUERWEHR-4-300x187.jpg 300w, https:\/\/feuerwehr-meinsdorf.de\/wp-content\/uploads\/2021\/01\/JUGENDFEUERWEHR-4-768x480.jpg 768w, https:\/\/feuerwehr-meinsdorf.de\/wp-content\/uploads\/2021\/01\/JUGENDFEUERWEHR-4-1024x640.jpg 1024w, https:\/\/feuerwehr-meinsdorf.de\/wp-content\/uploads\/2021\/01\/JUGENDFEUERWEHR-4.jpg 1037w\" sizes=\"(max-width: 300px) 100vw, 300px\" \/><\/p>\n<p style=\"text-align: center;\"><strong><span style=\"color: #ff0000;\">Jugendfeuerwehr &#8211; Keine Eins\u00e4tze, aber viel Spa\u00df und Wissen!<\/span><\/strong><\/p>\n<p>&nbsp;<\/p>\n<p><span style=\"color: #000000;\">Ab 10 Jahren kann ein Jugendlicher in die Jugendfeuerwehr eintreten. Urspr\u00fcnglich entstanden die Jugendfeuerwehren als Nachwuchsgruppe f\u00fcr die Freiwilligen Feuerwehren, mittlerweile sind sie jedoch mehr als dies. Sie vermittelt Grundwerte: <em>Verantwortung, Gemeinschaft, Hilfe f\u00fcr Andere, Zusammenarbeit mit Gleichaltrigen in einem Team usw.<\/em><\/span><\/p>\n<p><span style=\"color: #000000;\">Bei uns lernen die Jugendlichen praktisch zu Denken, logische Abl\u00e4ufe zu Begreifen und probieren dann alles praktisch aus. In der Jugendfeuerwehr werden die Jugendlichen spielerisch an die Materie Feuerwehr und Erste Hilfe herangef\u00fchrt. Dabei wird von den geschulten Betreuern auf die Einhaltung der Jugendschutzbestimmungen geachtet. Der Jugendfeuerwehrwart ist die Schnittstelle zwischen der F\u00fchrung der Freiwilligen Feuerwehr und der Jugendfeuerwehr. Die Ausbildung leitet er. Neben der Ausbildung, welche altersentsprechend vermittelt wird, stehen regelm\u00e4\u00dfige Zeltlager und Wettk\u00e4mpfe auf dem Programm. Aber auch Sport, Spiel und allgemeine Jugendaktivit\u00e4ten. Ziel ist es, dass der sp\u00e4tere Wechsel zu den Erwachsenen ohne Schwierigkeiten durchgef\u00fchrt werden kann. Dort soll das Erlernte in die Praxis umgesetzt werden. Der \u00dcbergang erfolgt mit 16 Jahren.<\/span><\/p>\n<p><span style=\"color: #000000;\">Wenn Du neugierig geworden bist und Lust hast bei uns mitzumachen, dann komm doch einfach mal vorbei! Jeden zweiten Freitag (gerade Wochen) um 16.00 Uhr, bei der Feuerwache Meinsdorf.<\/span><\/p>\n<p><span style=\"color: #000000;\">Bis bald!<\/span><\/p>\n","protected":false},"excerpt":{"rendered":"<p>Was ist die Jugendfeuerwehr und was kannst Du bei uns erleben? Kaum ein Verein bietet einem Jugendlichem so viele Erfaltungs-<\/p>\n","protected":false},"author":2,"featured_media":0,"parent":0,"menu_order":0,"comment_status":"closed","ping_status":"closed","template":"","meta":{"footnotes":""},"_links":{"self":[{"href":"https:\/\/feuerwehr-meinsdorf.de\/index.php?rest_route=\/wp\/v2\/pages\/91"}],"collection":[{"href":"https:\/\/feuerwehr-meinsdorf.de\/index.php?rest_route=\/wp\/v2\/pages"}],"about":[{"href":"https:\/\/feuerwehr-meinsdorf.de\/index.php?rest_route=\/wp\/v2\/types\/page"}],"author":[{"embeddable":true,"href":"https:\/\/feuerwehr-meinsdorf.de\/index.php?rest_route=\/wp\/v2\/users\/2"}],"replies":[{"embeddable":true,"href":"https:\/\/feuerwehr-meinsdorf.de\/index.php?rest_route=%2Fwp%2Fv2%2Fcomments&post=91"}],"version-history":[{"count":3,"href":"https:\/\/feuerwehr-meinsdorf.de\/index.php?rest_route=\/wp\/v2\/pages\/91\/revisions"}],"predecessor-version":[{"id":502,"href":"https:\/\/feuerwehr-meinsdorf.de\/index.php?rest_route=\/wp\/v2\/pages\/91\/revisions\/502"}],"wp:attachment":[{"href":"https:\/\/feuerwehr-meinsdorf.de\/index.php?rest_route=%2Fwp%2Fv2%2Fmedia&parent=91"}],"curies":[{"name":"wp","href":"https:\/\/api.w.org\/{rel}","templated":true}]}}