{"id":79,"date":"2023-12-31T17:54:00","date_gmt":"2023-12-31T17:54:00","guid":{"rendered":"http:\/\/feuerwehr-meinsdorf.de\/?page_id=79"},"modified":"2023-02-27T17:32:08","modified_gmt":"2023-02-27T17:32:08","slug":"impressum","status":"publish","type":"page","link":"https:\/\/feuerwehr-meinsdorf.de\/?page_id=79","title":{"rendered":"Impressum"},"content":{"rendered":"<div id=\"maincontent\">\n<div id=\"content\">\n<div id=\"content_text\">\n<div id=\"fe_PreviewContent\">Angaben gem\u00e4\u00df \u00a7 5 TMG:<br \/>\nFreiwillige Feuerwehr Meinsdorf<br \/>\nLindenstra\u00dfe 15<br \/>\n06862 Dessau-Ro\u00dflau OT Meinsdorf<\/div>\n<div>\n<p><strong>Telefon:<\/strong> 034901-82919<\/p>\n<p><span style=\"color: #ff0000;\"><strong><em>ACHTUNG: Die Wache ist nicht st\u00e4ndig besetzt! Notrufe bitte die Notrufnummer 112 w\u00e4hlen<\/em><\/strong><\/span><\/p>\n<p>F\u00fcr eMail-Anfragen nutzen Sie bitte das <a href=\"http:\/\/feuerwehr-meinsdorf.de\/?page_id=308\"><span style=\"color: #ff0000;\">Kontaktformular<\/span><\/a><\/p>\n<p><strong>Rechtliche Angaben<br \/>\n<\/strong>Inhaltlich Verantwortlicher gem\u00e4\u00df TMG:&nbsp;&nbsp;&nbsp; ?<br \/>\nInhaltlich Verantwortlicher gem\u00e4\u00df TMG:&nbsp;&nbsp;&nbsp; ?<\/p>\n<\/div>\n<p><strong>Technische Angaben<br \/>\n<\/strong>Technisch Verantwortlicher:&nbsp;&nbsp;&nbsp;&nbsp;&nbsp;&nbsp;&nbsp;&nbsp;&nbsp;&nbsp;&nbsp;&nbsp;&nbsp;&nbsp;&nbsp;&nbsp;&nbsp;&nbsp;&nbsp;&nbsp;&nbsp;&nbsp;&nbsp;&nbsp;&nbsp; ?<\/p>\n<p><strong>Weitere Informationen:<br \/>\n<\/strong>Allgemeine Nutzungsbedingungen<br \/>\n<a href=\"http:\/\/feuerwehr-meinsdorf.de\/?page_id=264\">Erkl\u00e4rung zum Datenschutz<\/a><br \/>\nHaftungshinweise<\/p>\n<div>\n<p>Quelle: <i>Impressumgenerator, <a href=\"http:\/\/www.e-recht24.de\" target=\"_blank\" rel=\"noopener\">http:\/\/www.e-recht24.de<\/a><\/i>&nbsp;&nbsp;&nbsp;&nbsp; ????<\/p>\n<p>Trotz sorgf\u00e4ltiger inhaltlicher Kontrolle \u00fcbernehmen wir keine Haftung f\u00fcr die Inhalte externer Links. F\u00fcr den Inhalt der verlinkten Seiten sind ausschlie\u00dflich deren Betreiber verantwortlich. Alle hier verwendeten Namen, Begriffe, Zeichen und Grafiken k\u00f6nnen Marken- oder Warenzeichen im Besitze ihrer rechtlichen Eigent\u00fcmer sein. Die Rechte aller erw\u00e4hnten und benutzten Marken- oder Warenzeichen liegen ausschlie\u00dflich bei deren Besitzern.<\/p>\n<\/div>\n<\/div>\n<\/div>\n<\/div>\n","protected":false},"excerpt":{"rendered":"<p>Angaben gem\u00e4\u00df \u00a7 5 TMG: Freiwillige Feuerwehr Meinsdorf Lindenstra\u00dfe 15 06862 Dessau-Ro\u00dflau OT Meinsdorf Telefon: 034901-82919 ACHTUNG: Die Wache ist<\/p>\n","protected":false},"author":2,"featured_media":0,"parent":0,"menu_order":0,"comment_status":"closed","ping_status":"closed","template":"","meta":{"footnotes":""},"_links":{"self":[{"href":"https:\/\/feuerwehr-meinsdorf.de\/index.php?rest_route=\/wp\/v2\/pages\/79"}],"collection":[{"href":"https:\/\/feuerwehr-meinsdorf.de\/index.php?rest_route=\/wp\/v2\/pages"}],"about":[{"href":"https:\/\/feuerwehr-meinsdorf.de\/index.php?rest_route=\/wp\/v2\/types\/page"}],"author":[{"embeddable":true,"href":"https:\/\/feuerwehr-meinsdorf.de\/index.php?rest_route=\/wp\/v2\/users\/2"}],"replies":[{"embeddable":true,"href":"https:\/\/feuerwehr-meinsdorf.de\/index.php?rest_route=%2Fwp%2Fv2%2Fcomments&post=79"}],"version-history":[{"count":7,"href":"https:\/\/feuerwehr-meinsdorf.de\/index.php?rest_route=\/wp\/v2\/pages\/79\/revisions"}],"predecessor-version":[{"id":501,"href":"https:\/\/feuerwehr-meinsdorf.de\/index.php?rest_route=\/wp\/v2\/pages\/79\/revisions\/501"}],"wp:attachment":[{"href":"https:\/\/feuerwehr-meinsdorf.de\/index.php?rest_route=%2Fwp%2Fv2%2Fmedia&parent=79"}],"curies":[{"name":"wp","href":"https:\/\/api.w.org\/{rel}","templated":true}]}}