{"id":325,"date":"2023-12-31T17:18:00","date_gmt":"2023-12-31T17:18:00","guid":{"rendered":"http:\/\/feuerwehr-meinsdorf.de\/?page_id=325"},"modified":"2023-02-27T17:35:22","modified_gmt":"2023-02-27T17:35:22","slug":"startseite","status":"publish","type":"page","link":"https:\/\/feuerwehr-meinsdorf.de\/?page_id=325","title":{"rendered":"Willkommen"},"content":{"rendered":"<p><img loading=\"lazy\" decoding=\"async\" class=\"alignleft\" src=\"http:\/\/alt.feuerwehr-meinsdorf.de\/images\/content\/abzeichen-1.jpg\" alt=\"\" width=\"182\" height=\"218\" align=\"left\"><\/p>\n<p>&nbsp;<\/p>\n<p>Herzlich Willkommen<br \/>\n&#8230; auf der Homepage der Freiwilligen Feuerwehr Meinsdorf. Wir freuen uns, das Sie den Weg zu uns gefunden haben.&nbsp; Mit dieser Internetpr\u00e4senz wollen wir Ihnen die Arbeit der ehrenamtlichen t\u00e4tigen Kameraden &amp; Kameradinnen der <strong>Ortsfeuerwehr <\/strong>Meinsdorf n\u00e4her bringen. Falls Sie Interesse am <strong>Feuerwehrdienst <\/strong>haben, melden Sie sich doch einfach bei uns in der Lindenstra\u00dfe 15. Jeden zweiten Freitag ab 18.00 Uhr k\u00f6nnen Sie uns dort pers\u00f6nlich antreffen.<\/p>\n<div><\/div>\n<div><\/div>\n<div>Meinsdorf ist ein Ortsteil der Doppelstadt Dessau-Ro\u00dflau im Bundesland Sachsen-Anhalt. Der Ort ist umrahmt von W\u00e4ldern und Wiesen und es flie\u00dft die Rossel durch unsere sch\u00f6ne Ortschaft. In Meinsdorf leben ca. 1.800 Menschen. Im Ort befindet sich das bekannte Europadorf, wo der Baustil der europ\u00e4ischen Architektur im Vergleich steht. F\u00fcr die Bildung der J\u00fcngsten steht die Ganztagsschule Meinsdorf, sowie die Kindertagesst\u00e4tte Buratino zur Verf\u00fcgung. In den hei\u00dfen Sommertagen k\u00f6nnen sich unsere B\u00fcrger im Freibad abk\u00fchlen. Mehr \u00fcber unsere Feuerwehr, erfahren Sie auf dieser Homepage.<\/div>\n<div>\n<p><img loading=\"lazy\" decoding=\"async\" src=\"http:\/\/alt.feuerwehr-meinsdorf.de\/images\/content\/IMG_6832.jpg\" alt=\"\" width=\"300\" height=\"113\" align=\"left\"><\/p>\n<h3>Schnell und Aktuell wie die Feuerwehr!<\/h3>\n<p>An dieser Stelle m\u00f6chten wir Sie als B\u00fcrger und Euch als Kameraden \u00fcber das aktuelle Geschehen aus und um die Meinsdorfer Feuerwehr informieren. Selbstverst\u00e4ndlich werden alle Berichte m\u00f6glichst objektiv und korrekt angefertigt, auch beim Bildmaterial wird darauf geachtet, keine Rechte Dritter zu verletzten.<\/p>\n<\/div>\n<p>Wir w\u00fcnschen Ihnen viel Spa\u00df beim Erkunden unserer Homepage.<\/p>\n","protected":false},"excerpt":{"rendered":"<p>&nbsp; Herzlich Willkommen &#8230; auf der Homepage der Freiwilligen Feuerwehr Meinsdorf. Wir freuen uns, das Sie den Weg zu uns<\/p>\n","protected":false},"author":2,"featured_media":0,"parent":0,"menu_order":0,"comment_status":"closed","ping_status":"closed","template":"","meta":{"footnotes":""},"_links":{"self":[{"href":"https:\/\/feuerwehr-meinsdorf.de\/index.php?rest_route=\/wp\/v2\/pages\/325"}],"collection":[{"href":"https:\/\/feuerwehr-meinsdorf.de\/index.php?rest_route=\/wp\/v2\/pages"}],"about":[{"href":"https:\/\/feuerwehr-meinsdorf.de\/index.php?rest_route=\/wp\/v2\/types\/page"}],"author":[{"embeddable":true,"href":"https:\/\/feuerwehr-meinsdorf.de\/index.php?rest_route=\/wp\/v2\/users\/2"}],"replies":[{"embeddable":true,"href":"https:\/\/feuerwehr-meinsdorf.de\/index.php?rest_route=%2Fwp%2Fv2%2Fcomments&post=325"}],"version-history":[{"count":5,"href":"https:\/\/feuerwehr-meinsdorf.de\/index.php?rest_route=\/wp\/v2\/pages\/325\/revisions"}],"predecessor-version":[{"id":508,"href":"https:\/\/feuerwehr-meinsdorf.de\/index.php?rest_route=\/wp\/v2\/pages\/325\/revisions\/508"}],"wp:attachment":[{"href":"https:\/\/feuerwehr-meinsdorf.de\/index.php?rest_route=%2Fwp%2Fv2%2Fmedia&parent=325"}],"curies":[{"name":"wp","href":"https:\/\/api.w.org\/{rel}","templated":true}]}}