{"id":171,"date":"2023-12-31T20:00:00","date_gmt":"2023-12-31T20:00:00","guid":{"rendered":"http:\/\/feuerwehr-meinsdorf.de\/?page_id=171"},"modified":"2023-02-27T17:34:25","modified_gmt":"2023-02-27T17:34:25","slug":"unwetterwarnungen","status":"publish","type":"page","link":"https:\/\/feuerwehr-meinsdorf.de\/?page_id=171","title":{"rendered":"Unwetterwarnungen"},"content":{"rendered":"<div id=\"fe_PreviewContent\">\n<h3>Unwetterkarte des Deutschen Wetterdienstes<\/h3>\n<p>Mit einem Klick auf die Karte gelangen Sie automatisch auf die Seiten des DWD.<\/p>\n<p><a href=\"https:\/\/www.dwd.de\/DE\/wetter\/warnungen_gemeinden\/warnWetter_node.html?ort=Dessau-Ro%C3%9Flau\">Details zum Bereich Dessau-Ro\u00dflau<\/a><\/p>\n<p>Hinweise zum Verhalten bei extremen Unwettern:<br \/>\n&#8211; halten Sie Balkon- und Terrassenabl\u00e4ufe, sowie alle zum Geb\u00e4ude geh\u00f6renden und im angrenzenden Bereich befindliche Abl\u00e4ufe frei von Laub<br \/>\n&#8211; schlie\u00dfen Sie die Sonnenschirme und fahren Sie die Markise ein<br \/>\n&#8211; ziehen Sie Netzstecker und Antennenkabel von PC&#8217;s und Fernsehger\u00e4ten<br \/>\n&#8211; bleiben Sie bei Gewitter und Sturm im Haus, dort ist es am sichersten<br \/>\n&#8211; sollten Sie im Freien \u00fcberrascht werden, gehen Sie in die Hocke<\/p>\n<p>&#8211; bei gr\u00f6\u00dferen Gewittern mit extremen Winden und\/oder extremen Niederschlag, beseitigen Sie kleinere Wassrsch\u00e4den im Haus bitte selbst und halten so die Feuerwehr f\u00fcr wichtige Eins\u00e4tze frei<\/p>\n<p>Bei einer gr\u00f6\u00dferen Anzahl von Einsatzstellen im Stadtgebiet, werden diese nach Priorit\u00e4t abgearbeitet, bitte haben Sie Verst\u00e4ndnis daf\u00fcr!<\/p>\n<\/div>\n<p>&nbsp;<\/p>\n","protected":false},"excerpt":{"rendered":"<p>Unwetterkarte des Deutschen Wetterdienstes Mit einem Klick auf die Karte gelangen Sie automatisch auf die Seiten des DWD. Details zum<\/p>\n","protected":false},"author":2,"featured_media":0,"parent":0,"menu_order":0,"comment_status":"closed","ping_status":"closed","template":"","meta":{"footnotes":""},"_links":{"self":[{"href":"https:\/\/feuerwehr-meinsdorf.de\/index.php?rest_route=\/wp\/v2\/pages\/171"}],"collection":[{"href":"https:\/\/feuerwehr-meinsdorf.de\/index.php?rest_route=\/wp\/v2\/pages"}],"about":[{"href":"https:\/\/feuerwehr-meinsdorf.de\/index.php?rest_route=\/wp\/v2\/types\/page"}],"author":[{"embeddable":true,"href":"https:\/\/feuerwehr-meinsdorf.de\/index.php?rest_route=\/wp\/v2\/users\/2"}],"replies":[{"embeddable":true,"href":"https:\/\/feuerwehr-meinsdorf.de\/index.php?rest_route=%2Fwp%2Fv2%2Fcomments&post=171"}],"version-history":[{"count":4,"href":"https:\/\/feuerwehr-meinsdorf.de\/index.php?rest_route=\/wp\/v2\/pages\/171\/revisions"}],"predecessor-version":[{"id":297,"href":"https:\/\/feuerwehr-meinsdorf.de\/index.php?rest_route=\/wp\/v2\/pages\/171\/revisions\/297"}],"wp:attachment":[{"href":"https:\/\/feuerwehr-meinsdorf.de\/index.php?rest_route=%2Fwp%2Fv2%2Fmedia&parent=171"}],"curies":[{"name":"wp","href":"https:\/\/api.w.org\/{rel}","templated":true}]}}